onvert -64505761 (base 8) to base 12.
-4755215
What is 1379b4 (base 13) in base 2?
1110011101110100111
323312310 (base 4) to base 5
30321142
75b0 (base 13) to base 9
24405
221011110021 (base 3) to base 12
1ba78a
Convert 144314011 (base 5) to base 13.
212365
What is 21212002 (base 3) in base 9?
7762
abc7 (base 13) to base 4
11312320
23001100101 (base 4) to base 3
12102202120200
Convert -16a60b (base 12) to base 7.
-3220055
What is 10110101010001001 (base 2) in base 13?
33322
1e4aa (base 15) to base 2
11000001001110111
What is 31905 (base 15) in base 7?
1223354
-336714 (base 8) to base 5
-12122444
Convert 354b0c (base 13) to base 11.
7961a0
What is -10022010120 (base 3) in base 9?
-108116
Convert -13225614 (base 7) to base 11.
-761327
Convert -31499 (base 15) to base 6.
-3203330
Convert -3306016 (base 9) to base 14.
-343271
10311322320 (base 4) to base 7
13534653
What is 1dbe4b (base 15) in base 9?
2661708
12f8a (base 16) to base 4
102332022
Convert -20060 (base 9) to base 14.
-4b32
Convert 2232222030 (base 4) to base 16.
aea8c
What is -1771236 (base 9) in base 10?
-991635
Convert 13413234 (base 5) to base 12.
68235
-63784 (base 13) to base 14
-49476
Convert -3547037 (base 9) to base 12.
-7877b1
Convert -11111010001111011001111 (base 2) to base 9.
-16377115
What is 11110111001011101 (base 2) in base 16?
1ee5d
What is 7e3559 (base 15) in base 8?
27014375
22326126 (base 7) to base 4
13121210112
101012002102 (base 3) to base 10
200540
Convert -320133302 (base 4) to base 6.
-4543202
-1010110011101110101010 (base 2) to base 12
-b477a2
Convert -20025672 (base 8) to base 5.
-2034033443
-255609 (base 10) to base 4
-332121321
Convert -41332143 (base 5) to base 14.
-8bb05
3068b (base 12) to base 10
63179
What is a2058a5 (base 11) in base 10?
18045450
Convert 29051 (base 15) to base 9.
220584
Convert 1571074 (base 9) to base 2.
11010101001111000001
11cb497 (base 13) to base 4
111032311221
Convert -23729 (base 13) to base 10.
-64931
What is -201011122200121 (base 3) in base 11?
-582a173
What is -404606 (base 8) in base 7?
-1064146
-402452 (base 9) to base 14
-62a5b
1bb85 (base 16) to base 8
335605
Convert 201200110 (base 3) to base 7.
56556
-7507036 (base 8) to base 7
-23010040
2212a93 (base 12) to base 15
884850
223343 (base 9) to base 3
20210101110
What is 484d (base 15) in base 13?
6cc7
Convert 32021031201 (base 4) to base 8.
16111541
-1002033320 (base 5) to base 15
-2939c5
-221112022001 (base 3) to base 6
-14434214
Convert 111001111110111110 (base 2) to base 6.
5031314
What is 29d7af (base 16) in base 4?
22131132233
Convert -3100200030 (base 4) to base 16.
-d080c
Convert 3b447f (base 16) to base 14.
73171d
102150 (base 9) to base 15
12e73
Convert 87b5d (base 14) to base 16.
50447
-1265ad (base 14) to base 3
-1012010021210
What is -97432 (base 11) in base 10?
-141605
Convert -41a7a (base 13) to base 4.
-130313120
Convert 352345 (base 14) to base 6.
102455241
What is 121233420 (base 5) in base 12?
236606
What is -102310330 (base 5) in base 15?
-87eca
Convert a7c1c (base 14) to base 2.
1100011000011110010
12b320 (base 12) to base 10
309768
-4b7b61 (base 15) to base 8
-15637326
Convert -e208c8 (base 15) to base 6.
-1022024412
Convert -135979 (base 13) to base 14.
-c31b8
What is -100511404 (base 6) in base 12?
-6ab564
What is 6602 (base 12) in base 5?
324414
What is 11160 (base 13) in base 3?
1120112100
Convert 10330101302 (base 4) to base 9.
2384045
Convert -38d279 (base 16) to base 4.
-32031021321
54003203 (base 6) to base 2
110000011011101010011
-1ffa (base 16) to base 13
-3959
-186044 (base 10) to base 14
-4bb2c
-113201411 (base 5) to base 4
-1333131322
Convert -57548 (base 11) to base 10.
-83179
-11350412 (base 6) to base 2
-1010111000011001000
654403 (base 8) to base 14
59d51
What is -838437 (base 10) in base 7?
-10061265
What is 76c3b (base 14) in base 5?
33202111
103a0b (base 16) to base 14
1d9799
What is -20141002 (base 5) in base 16?
-278d2
Convert 1111101110101111 (base 2) to base 14.
196a3
Convert -573047 (base 8) to base 6.
-4054315
Convert 7b537c (base 13) to base 6.
142404453
What is -10400142 (base 5) in base 14?
-25088
144356 (base 7) to base 15
844b
-453291 (base 10) to base 14
-bb29d
-546056 (base 10) to base 8
-2052410
961b1 (base 12) to base 16
30295
-2700159 (base 13) to base 7
-206101530
-12000012 (base 4) to base 13
-b25c
1f02c (base 16) to base 9
213213
Convert 111010111110 (base 2) to base 13.
1944
What is 2438430 (base 10) in base 2?
1001010011010100011110
-24024012 (base 5) to base 13
-794a1
What is 1521302 (base 7) in base 2?
110010100010000010
101111000100000011000 (base 2) to base 4
11320200120
What is -2044241033 (base 5) in base 3?
-22001221222012
What is 284413 (base 11) in base 7?
3532346
What is -1002121222201 (base 3) in base 6?
-20255544
1050089 (base 12) to base 5
1242333034
Convert -5dbc8e (base 16) to base 9.
-12502686
142205034 (base 6) to base 14
55a370
Convert -1110111111111110100 (base 2) to base 5.
-111212013
20231233 (base 6) to base 8
2154045
What is -450432 (base 6) in base 9?
-56702
What is 310000011220 (base 4) in base 5?
11442204343
What is 10100000111110110010 (base 2) in base 7?
5414246
Convert -3215040 (base 7) to base 13.
-108ab3
What is aa2224 (base 15) in base 7?
125624152
Convert 102201022312 (base 4) to base 2.
10010100001001010110110
Convert -a52774 (base 14) to base 15.
-7527dc
Convert 1413145 (base 7) to base 15.
3ac44
What is -3200505 (base 6) in base 3?
-21220120212
-1160662 (base 7) to base 10
-149200
Convert -3630777 (base 8) to base 13.
-28b370
Convert 13240512 (base 6) to base 8.
1534774
What is -11754446 (base 8) in base 16?
-27d926
Convert -3213031131 (base 4) to base 16.
-e735d
-50021 (base 6) to base 16
-195d
Convert 22937ba (base 12) to base 7.
110426314
Convert 6322022 (base 7) to base 10.
761819
Convert -10001010101010011010 (base 2) to base 9.
-1055078
33c245 (base 15) to base 2
1001011011010001100111
What is 2564604 (base 7) in base 13?
b9889
What is 135985 (base 10) in base 14?
377b3
-100101110000100011 (base 2) to base 5
-14422114
Convert 534012103 (base 6) to base 16.
8fd567
Convert 14aa80b (base 12) to base 4.
100003020023
What is 830612 (base 13) in base 11?
17a88a2
What is -b510 (base 12) in base 9?
-30063
What is -27322 (base 9) in base 12?
-a848
-2d9a5 (base 16) to base 15
-3a529
17288 (base 10) to base 14
642c
What is 368104 (base 9) in base 3?
102022010011
Convert 5055634 (base 7) to base 15.
bd6c4
3110332 (base 4) to base 15
408a
36342325 (base 7) to base 12
11015b4
Convert 1010110011100101011010 (base 2) to base 15.
3ae4da
What is -10011202222 (base 3) in base 7?
-350210
What is 1eda6 (base 15) in base 2?
11000101001011100
What is 1d87e (base 16) in base 9?
203827
Convert -62620112 (base 7) to base 12.
-1928a42
Convert 333200022 (base 4) to base 7.
2132220
What is -4ab76 (base 13) in base 2?
-100001101110111010
Convert 1101020020 (base 3) to base 5.
1332031
10412221413 (base 5) to base 10
11445233
-41410320 (base 5) to base 8
-1232527
What is -23113606 (base 7) in base 10?
-2020570
What is -80b02b (base 12) in base 14?
-3a457d
What is -448547 (base 12) in base 7?
-12201133
What is -1278254 (base 11) in base 13?
-5c379b
3b253 (base 14) to base 11
9a684
Convert -441bc (base 15) to base 11.
-13864a
15645451 (base 7) to base 14
2b9661
What is -3857114 (base 9) in base 11?
-120833a
Convert 322430 (base 8) to base 5.
11422200
-a408e0 (base 15) to base 13
-1800672
What is dc07d (base 15) in base 10?
698743
Convert 22002210111 (base 3) to base 2.
100110111100001110
Convert -125601 (base 9) to base 2.
-10010101000001111
What is 2212120202210 (base 3) in base 10?
1527087
What is -18638b (base 13) in base 5?
-124113320
Convert -116612 (base 10) to base 14.
-306d6
-d4c0 (base 14) to base 4
-20330100
Convert -2102010212121 (base 3) to base 4.
-10321002223
What is -5442880 (base 9) in base 7?
-33556302
Convert 10b40 (base 14) to base 6.
512032
10210231 (base 4) to base 3
221200211
What is 6722 (base 16) in base 6?
322122
Convert -152413 (base 10) to base 13.
-544b1
72904 (base 10) to base 12
36234
Convert 114817 (base 9) to base 7.
405502
Convert -c041b (base 15) to base 9.
-1126538
Convert 2118829 (base 12) to base 9.
12685326
Convert -212933 (base 14) to base 5.
-241340421
Con